 Calculate the remainder when 132 is divided by u.
24
Let s(a) = a**3 + 12*a**2 - 13*a + 17. Calculate the remainder when s(-13) is divided by 6.
5
Suppose b + 3*j - 29 - 38 = 0, 3*b + j - 201 = 0. Let f(p) = 14*p - 168 - 7*p + 157. What is the remainder when b is divided by f(4)?
16
Let k(z) = -z**2 - 12*z + 13. Let c = 3 - 15. Suppose -110 = -5*n + 2*v, -2*v - 3*v = 5*n - 145. What is the remainder when n is divided by k(c)?
11
Let q be (12/(-10))/((-8)/100). Suppose 6*i = 3*i + q. Suppose -p - 12 = -4*a + 9, 0 = -2*a - 4*p - 12. Calculate the remainder when i is divided by a.
1
Let c(p) = -p**3 - 8*p**2 + 2. Let l be c(-8). Let x be 0 - l*18/(-3). Suppose 2*f = -r + 8 + x, 2*r + 5*f = 40. Calculate the remainder when r is divided by 3.
2
Let c = -66 + 33. Let u = c - -56. Let j = 15 + 28. What is the remainder when j is divided by u?
20
Suppose -3*z - 3*d + 261 = 42, d = -2. Calculate the remainder when z is divided by 22.
9
Let a = -20 + 22. Let o(i) = 10*i**2 - 1 - 3*i + 0*i + a*i. What is the remainder when 29 is divided by o(1)?
5
Suppose -2*w + 4 = -3*w, w + 4 = -5*y. Suppose h - 18 = -y*h. Calculate the remainder when (12/(-27))/(-1 + 302/306) is divided by h.
16
Suppose 6 = 5*n - 7*n, -80 = -b + 3*n. Let i = 1024 - 1006. Calculate the remainder when b is divided by i.
17
Let m(f) = 23*f**3 - 24*f**3 - f + 12 + 2 + 9*f**2. Let b(r) = 9*r**3 - r**2 + 1. Let t be b(1). What is the remainder when 12 is divided by m(t)?
2
Suppose 3*v + 8 = 2*t, 3*v = 2*t - 6*t + 16. Let c(w) = 2*w**3 - 4*w**2 + 3*w - 1. What is the remainder when c(3) is divided by v - (0 - 4) - -10?
12
Suppose -3*h - 2*f + 128 = 0, 195*f - 200*f = 2*h - 67. What is the remainder when 361 is divided by h?
39
Suppose 3*o + 22 = -5*q, 6 = 3*q + 3*o - 6*o. Let y be 18/27 + q/3. Suppose 2*v - 1 - 1 = y. Calculate the remainder when 1 is divided by v.
0
Suppose 0*q - q = -18. Suppose 3*z - q - 30 = 0. Let j = 18 - -12. Calculate the remainder when j is divided by z.
14
Let c be 0 - -1 - 1*(-45 + 4). Let p = c - 21. Calculate the remainder when 103 is divided by p.
19
Let f = 1455 + -62. Suppose 0 = -3*j + 8*j - 3*r - f, -3*j - r + 833 = 0. Calculate the remainder when j is divided by 40.
38
Suppose 3*v - 20 = 1. Let q be v/2*16/28. Suppose 4*p = -3*g + 235, -5*g + 191 - 56 = q*p. What is the remainder when p is divided by 29?
26
Let b(o) = o**3 - 3*o**2 - 2*o. Let k = -22 - -49. Calculate the remainder when k is divided by b(4).
3
Let t = 288 - 249. Calculate the remainder when 388 is divided by t.
37
What is the remainder when 14 is divided by -4 - ((-2)/(-7) - (-792)/(-77))?
2
Let m = 25 - 5. Suppose -5*u + 2*a = -285, 4*u = 3*a + 98 + 137. What is the remainder when u is divided by m?
15
Let q be 0/(-2*3/6). Suppose q*h - 8 = -2*h. Suppose 5*f - 35 = -3*o, -h*f = -o - 0*o + 23. Calculate the remainder when 43 is divided by o.
13
Let y be 9 + 0/(1/1). Suppose -44 = -3*d + 4*t - y*t, -5*t + 52 = 4*d. Let u(v) = -14*v - 55. Calculate the remainder when u(-5) is divided by d.
7
Calculate the remainder when 183/((-75)/(-9) + -8) is divided by 50.
49
Let w = 125 + -458. Calculate the remainder when (3 - w/45)/((-4)/(-10)) is divided by 11.
4
Suppose -3*z + 681 = -3*l, -5*z + 2*l + 1132 = -2*l. Suppose 7*a = 8*a - z. Suppose -5*h + 41 = -a. Calculate the remainder when h is divided by 18.
17
Suppose -2*d + 2*x + 16 = 0, -3*d + 5*x = -2*d - 20. Suppose 5*z = z - 5*s + 44, d*z + 4*s = 46. Calculate the remainder when 23 is divided by z.
5
Let s be (-48)/(-5 + 1) - (0 + -2). Suppose 186 = s*m - 164. Calculate the remainder when m is divided by 4/(-18) - (-119)/9.
12
Suppose -5*w = -0*w - 40. Suppose 6 = -0*o - o - 4*f, -w = -o + 3*f. What is the remainder when (-1 - 1)*(-10)/4 is divided by o?
1
Let c(u) = u**3 - 7*u**2 - 4*u + 9. Calculate the remainder when c(8) is divided by 40*(8 - 885/120).
16
Let c = -149 + 172. Calculate the remainder when 130 is divided by c.
15
What is the remainder when 282 is divided by 4/56 - (-1902)/28?
10
Suppose 29 - 8 = 7*t. Suppose -i - 40 = -t*i. Suppose 3*x + 77 = 4*x. What is the remainder when x is divided by i?
17
Calculate the remainder when 2619/45 - 2/10 is divided by 15.
13
Let u(z) = z**3 - 5*z**2 + 3*z. Let f be u(3). Let b be (-123)/(-9)*f/(-3). Let j = 60 - b. Calculate the remainder when j is divided by 11.
8
Let o(s) = -35*s**2 + 8*s + 9. Let y(p) = -p**2 + p + 1. Let d(f) = -o(f) + 6*y(f). Calculate the remainder when d(-1) is divided by 15.
13
Suppose -155 = -5*d - f, -4*f - 21 = -d + 10. Calculate the remainder when 32 is divided by d.
1
Suppose -58*y - 372 = -64*y. Calculate the remainder when 494 is divided by y.
60
What is the remainder when (-1710)/(-105) + ((-2)/(-7))/(-1) is divided by 12?
4
Let c(d) = d**3 - d**2 - 9*d - 29. What is the remainder when 240 is divided by c(6)?
46
Suppose 5*l - 144 = 36. What is the remainder when 971 is divided by l?
35
Suppose 4*m = -4*i + 124, 0*i = -4*i - 3*m + 121. Suppose -4*j + i + 0 = 0. Calculate the remainder when 10 is divided by j.
3
Let f(d) = 6*d**2 - 1. Let r(a) = -39*a. Let w be r(-1). Let j = w - -6. Calculate the remainder when j is divided by f(-2).
22
Let a(f) = 22*f - 124. What is the remainder when a(8) is divided by 11?
8
Suppose 6*d - 13*d + 903 = 0. Calculate the remainder when d is divided by 11.
8
Suppose 6*f + 10 - 58 = 0. What is the remainder when 16 is divided by f?
0
Suppose p - 44 = 1. Suppose -2*q + 47 = a, -5*q - 3*a = -a - 119. Calculate the remainder when p is divided by q.
20
Let c be (4/10)/(5/25). Suppose 5*a - c*l = -25 - 19, -2*l + 4 = 0. Let i(n) = -n**2 - 8*n + 11. Calculate the remainder when i(a) is divided by 6.
5
Let s(a) = a**3 + 47*a**2 - 45*a + 200. What is the remainder when s(-48) is divided by 2/(-9) - 110/(-9)?
8
Let a = -11 - -19. Suppose 0*l + 2*l = a. Suppose -5*s + 16*d + 67 = 14*d, 0 = -2*s + 5*d + 10. Calculate the remainder when s is divided by l.
3
What is the remainder when 13 is divided by (78/65)/(6/10)?
1
Let k(y) = 71*y - 7. Let l be k(5). Calculate the remainder when (1/(-4))/((-3)/l) is divided by (20/8)/(2/8).
9
Let a(w) = w + 115. Let m be a(0). Suppose -3*f = 31 - m. Suppose -x - 4*x = -275. What is the remainder when x is divided by f?
27
Suppose -5*h = 4*m - 2*h - 3, -12 = -2*m + 2*h. Let n = m - -6. Suppose -3*d = 39 - 48, -94 = -2*x - 2*d. What is the remainder when x is divided by n?
8
Let r be 2/(-6) - (-20)/6. Suppose 990 = 5*i - r*n, 0*i + 3*i - n = 590. What is the remainder when i is divided by 33?
30
Suppose -14 = -17*y + 16*y. Calculate the remainder when 193 is divided by y.
11
Let z be 36/(-8)*2/1. Let r be (-3)/z + 70/6. Calculate the remainder when 47 is divided by (r/5)/((-5)/(-25)).
11
Suppose -15*s = -10*s - 75. Suppose -s = -6*r + 39. What is the remainder when 60 is divided by r?
6
Calculate the remainder when -2*21/(-6) - 96/(-12) is divided by 14.
1
Suppose 0 = 12*w - 17*w - k + 1035, w - 207 = -k. Calculate the remainder when w is divided by 91.
25
Suppose 1288 - 1024 = 12*c. What is the remainder when 73 is divided by c?
7
Suppose i + 3*t - 1 = 0, -2*t - 6 = -2*i - 4*t. Let q be 3/(-72)*-3 + (-858)/(-48). What is the remainder when 29 is divided by ((-6)/i)/(q/(-96))?
5
Suppose -55*i + 8946 + 74 = 0. Calculate the remainder when i is divided by 33.
32
Let v be ((-310)/25)/((-4)/10). Let p = 30 - v. Let h(q) = -39*q**3 + q**2 + q. What is the remainder when h(p) is divided by 14?
11
Suppose 3351 = 12*i - 2529. What is the remainder when i is divided by 4?
2
Let g = 35 - 34. Let j = g - -33. Suppose -6*t = -3*t - 300. What is the remainder when t is divided by j?
32
Let i = -992 + 1009. What is the remainder when 440 is divided by i?
15
Let o be ((-3)/(-2))/(-3)*2. Calculate the remainder when 18 is divided by 3 + o + 1 + 0.
0
Let u(a) = 8*a - 4. Calculate the remainder when 98 is divided by u(3).
18
Let r(y) = -2*y - 12. Let w be r(-5). Calculate the remainder when (128/10)/(w/(-5)) is divided by 18.
14
Let c(b) = -19*b + 327. Calculate the remainder when c(11) is divided by 46.
26
Suppose 2*g - 4*m - 166 = -0*m, -5*g = m - 426. Calculate the remainder when g is divided by 15.
10
Let w(q) = 14*q**2 - 4*q + 2. What is the remainder when w(2) is divided by 14?
8
Let n = -1121 - -1265. Calculate th